 = 19*k. Determine j(b).
-57
Let t(b) = b + 2. Let q(a) = -a - 9. Let z be q(-22). What is t(z)?
15
Let b(c) be the first derivative of c**4/4 - 10*c**3/3 + 5*c**2 - 5*c + 20. Suppose 2*n - 5*n = 2*l - 33, 5*l = 2*n + 35. What is b(l)?
4
Let l(j) = 5154325*j - 5154321*j - 14 - 2*j**3 + 24*j**2 + 4*j**3. What is l(-12)?
-62
Let j(w) = -w**2 - 4*w. Let m = -281 + 517. Let k = -239 + m. Give j(k).
3
Let d = -215 - -219. Let q be ((-12)/d)/(3/(-4)) + 1. Let n(z) = 8 + 5*z - 2*z - 4*z. Determine n(q).
3
Let w(l) = 7*l**2 + 11*l - 6. Let m(p) = 13*p**2 + 21*p - 13. Let i(f) = 6*m(f) - 11*w(f). Let g be i(2). Let y(v) = -2*v + 5 + g*v**2 + 0*v**2 - 4. Give y(1).
1
Let p(l) = l + 73. Let h be p(-78). Let q(r) = -r**3 - 6*r**2 - 3*r - 3. Give q(h).
-13
Let h(f) = f + 4. Let r(o) = 2*o**2 + 15*o - 5. Suppose y - 3 = 2*y - s, 3*y = 4*s - 4. Let d be r(y). Let i be (d/(-5))/(-3) + (-676)/130. Calculate h(i).
-1
Let p(n) = n**2 + 6*n + 1. Suppose 5*z + 3*r - 23 = z, 4*z - 4*r - 16 = 0. Suppose 31 = z*d - 9. Suppose -d*x - 6 = -7*x. Determine p(x).
1
Let r(u) = 44*u - 8*u**2 - 22*u**2 + 31*u**2 - 18 - 21*u - 25*u. Calculate r(0).
-18
Let k(m) = -m**3 - 21*m**2 + 17*m + 4. Let w(l) = 2*l**3 + 44*l**2 - 34*l - 4. Let r(f) = -5*k(f) - 2*w(f). Calculate r(-18).
-30
Let z(q) = 2*q + 11. Let v = 49 - -168. Let i = 226 - v. Calculate z(i).
29
Let u(o) = 459*o + 2749. Let l be u(-6). Let b(q) = -q**3 - 5*q**2 - 4*q + 17. Calculate b(l).
37
Let d = 4 + -7. Suppose -2*r = 2*x - 90, -r - 20 = 3*r. Let y(q) = x*q + 54*q + 49*q - 3 - 154*q. Calculate y(d).
0
Suppose 0 = 4*b - 4*l + 8, 2*l + 9 = -1. Let i(p) = 2*p**3 + 16*p**2 + 14*p - 4. Determine i(b).
-4
Let v(p) be the first derivative of -p**4/4 - 14*p**3/3 + 15*p**2/2 + 5*p - 720. Give v(-15).
5
Let h(w) = -452*w**2 + 8*w - 11 + 19 + w**3 - 18 + 3*w + 442*w**2. Let m be (-50)/(-6) + 2/3. What is h(m)?
8
Suppose -y + 54 = -2*u, 2*y - 5*u = 6*y - 255. Let t = y + -60. Let d(l) = -3*l + t*l - 17 - 2*l + 18. What is d(-1)?
6
Let l(z) be the first derivative of 3*z**4/4 + 3*z**2/2 + 2*z + 1348. What is l(-3)?
-88
Let h(v) = 34*v + 3. Let x = 707 - 706. What is h(x)?
37
Let o(r) = -r**3 + 4*r**2 + 5*r + 5. Let v(a) = a**3 - 7*a**2 + 9*a - 13. Let l be v(6). Suppose 3*q + 2*x - 9 = 4, 20 = l*q + 5*x. Calculate o(q).
5
Let t(v) = -v**3 - v**2 + 5*v + 2. Suppose 4*q + 32 = 76*r - 80*r, 0 = 2*r + 4*q + 24. What is t(r)?
30
Let z(x) = -6*x + 52. Let j = -10818 + 10827. Give z(j).
-2
Let r(m) = 3*m**2 - 41*m + 157. Let c be r(4). Let b(p) = -2*p**2 + 85*p - 124. What is b(c)?
-1
Let y(n) be the second derivative of n**3/6 + 13*n**2/2 + 6*n - 20. Determine y(-14).
-1
Suppose 21*u + 225 - 138 = 171. Let x(t) = 8*t - 8. Determine x(u).
24
Let l = -3670 + 3670. Let i(n) = 15*n - 2*n - 11*n - n. Determine i(l).
0
Let k(t) = -9*t**2 + t - 199. Let r(m) = -26*m**2 + 4*m - 596. Let z(b) = 17*k(b) - 6*r(b). Let w(o) be the first derivative of z(o). Calculate w(7).
35
Let l(j) = j**2 - j - 23. Suppose 8 = 4*c + 4*b, -5*c - 90*b - 18 = -89*b. Give l(c).
7
Let x(m) = 11 + 8*m - 16*m - m + 28 + 8. Calculate x(4).
11
Let t(r) = r**2 + r. Let h(y) = y**2 + 37*y - 162. Let d be h(4). Suppose -2*j = -3*u + d, 50*j = 3*u + 53*j + 18. Give t(u).
2
Let h = 57287 + -57284. Let x(d) be the second derivative of -d**3/3 + 2*d**2 - d. Calculate x(h).
-2
Let u(b) = 10*b + 1. Let c = -108 + 104. Let x(s) = 22*s + 3. Let a(f) = c*x(f) + 9*u(f). Calculate a(-6).
-15
Let v(x) be the third derivative of 0*x + 1/3*x**3 + 45*x**2 + 0 + 1/24*x**4. Determine v(-4).
-2
Let p(g) be the third derivative of -g**9/12096 + g**8/20160 - g**6/720 + 43*g**5/30 - g**2 + 22. Let n(k) be the third derivative of p(k). What is n(1)?
-5
Let p(g) = 2*g + 9. Let d(l) = 425*l + 0 - 3 - 40 - 421*l. Let u be d(9). Determine p(u).
-5
Let n(k) be the first derivative of -k**3 - 43*k**2/2 - 14*k + 779. Calculate n(-14).
0
Let t(f) = 2*f**2 + 9*f - 16. Suppose -48 + 65 = -7*s + 31. Calculate t(s).
10
Let y(c) = -4*c - 27. Let w(k) = -14*k - 8 - 8*k + 5*k**2 - 7*k**2 + 14*k. Let h be w(-4). Determine y(h).
5
Let w = -228102 + 228107. Let o(j) be the third derivative of -j**4/8 + j**2. Calculate o(w).
-15
Suppose -x + 4 = 2*b - 6, 4*x = -b + 19. Suppose x*u + 11 - 7 = 0. Let j(h) = -31*h - 5 + 9*h + 4 + 20*h. Calculate j(u).
1
Let a(b) = -33*b + 1. Let y(l) = 7*l - 2. Let o(k) = a(k) + 5*y(k). Calculate o(5).
1
Let d(h) be the first derivative of -h**2 - 6*h + 756. Let i = -8 - -2. Give d(i).
6
Suppose 3*b = 5*b - 2*c - 8, -3*c + 3 = 0. Suppose 8*k + 18 = b*k. Let w(p) = -6 + 5 + 10 + 5*p. What is w(k)?
-21
Let k(z) = 70 + 15*z + 8*z - 53*z + 28*z. Determine k(-31).
132
Let z(f) be the third derivative of -f**4/24 - f**3/2 + 1006*f**2 + f. Give z(-10).
7
Let z(l) be the first derivative of -l**2/2 + 15*l - 1321. Calculate z(6).
9
Let g(f) = -f**3 + 9*f**2 - 14*f - 2. Let h = 391 + -241. Suppose h*m = 153*m - 21. Calculate g(m).
-2
Let o(j) = 2 - 1 + 2*j + 0*j - 14*j**2. Suppose h - 5*f = -31, -351 = -2*h - 4*f - 329. Calculate o(h).
-15
Let x(m) be the first derivative of -m**3/3 - 7*m**2 - 20*m + 823. What is x(-11)?
13
Let m(d) = 27*d - 60 + 72 - 22 + 3*d. Give m(3).
80
Suppose -2*j + 4 = -36*i + 38*i, -5*i + 14 = 3*j. Let z(d) = -2*d**2 - 6*d - 7. What is z(j)?
-3
Let i(z) = 69*z + 744. Let f(v) = -208*v - 2198. Let o(l) = -3*f(l) - 8*i(l). What is o(-9)?
-6
Let d(k) = -4*k - 86. Let t be (-21)/14*12*(0 + 7/9). Give d(t).
-30
Suppose 6*a - 5*w = a - 10, 4*a = -3*w + 20. Let t(n) = 95 + n**2 + a*n + n - 91. Let b be (80/30)/(4/(-6)). Determine t(b).
8
Let r = -37201 + 37196. Let u(v) = -v**2 + v + 27. Give u(r).
-3
Let b(k) = 460 + 451 + k - 906. Suppose -4*m - 21 = 15. What is b(m)?
-4
Let s(j) = 2*j + 3. Let u(t) be the third derivative of t**4/6 - 13*t**3/3 + 40*t**2. Let p be u(11). Suppose -7*q - p = 17. Give s(q).
-7
Suppose -3564*x = -3092*x - 2360. Let l(i) = i + 5. Suppose 2*u + 6 = u. Let t(w) = -w - 5. Let m(d) = u*t(d) - 5*l(d). What is m(x)?
10
Suppose -198 = -2*p - a - 999, -p = -2*a + 388. Let t = p + 394. Let r(w) = w**3 + 5*w**2 + 3*w - 5. Give r(t).
-1
Let p(v) be the first derivative of -v**3/3 + v**2/2 - 3*v + 26069. Suppose -2*h + 7*h = 0. What is p(h)?
-3
Suppose 173*z = 175*z - 28. Suppose z*f + 12 = 18*f. Let u(a) = a**2 - 2*a - 7. Calculate u(f).
-4
Let z(q) = -q**3 - 17*q**2 - 9*q + 96. Suppose -303*d + 658 - 2093 = 3413. What is z(d)?
-16
Let f(l) = -3*l**2 - 3*l**3 - l + 5*l**3 + 2*l - 2*l - 1. Let i(j) = j**3 - 2*j**2 - 1. Let x(y) = -3*f(y) + 5*i(y). Let u be (-9 + 7)*9/6. Calculate x(u).
7
Let w(k) = k**3 - 6*k**2 + 4*k - 6. Let h = 10988 - 10982. Calculate w(h).
18
Let y(i) = i**2 - 2*i - 1. Let l be y(-1). Let g(c) be the first derivative of c**2/2 + 4*c - 4339. Calculate g(l).
6
Let q = -203 + 202. Let k be -6 - ((q - -4) + -8). Let u(f) = 3*f**3 - f**2 + 2*f + 2. Calculate u(k).
-4
Let f be ((-6)/5 - 13/(-65))*2. Let p be -126 + 138 - (2 + f)/1. Let v(t) = -t**2 + 12*t + 3. Calculate v(p).
3
Let y(f) = -f - 513 + 3*f + 522. Let b = 2 + -9. Calculate y(b).
-5
Let r(j) be the second derivative of 0 + 1/6*j**3 + 1/3*j**4 + 0*j**2 + 5*j. Let b(s) = 9*s**2 + 2*s. Let m(g) = -3*b(g) + 5*r(g). Give m(1).
-8
Let z(x) be the third derivative of -x**6/120 + 11*x**5/60 - 5*x**4/8 - 2*x**3/3 - 6032*x**2 - 1. Determine z(8).
68
Let w = -27 + 30. Suppose 0 = 5*n - 2*n - 4*y + 6, -w*y = 3*n - 15. Let s(k) = n + 9 - 13 + 1 + 11*k. What is s(1)?
10
Let o(c) = -4*c**3 + c**2 - 4*c + 2. Let p(u) = -9*u**3 + u**2 - 9*u + 5. Let j(d) = 7*o(d) - 3*p(d). Let h = -7737 - -7740. Determine j(h).
5
Let y be 37/148*(1 - (2 + -1)). Let x be (-1)/(-3)*y*35/(-70). Let g(j) = -j + 9. Give g(x).
9
Let h(l) = l**3 - l**2 - l + 15. Let y = 5 - 3. Suppose -6 = 2*b - 3*p, 2 + y = p. Suppose 2*k + 0*x = 4*x + 8, -b*x - 6 = 5*k. Calculate h(k).
15
Let b(d) = 24*d - 25*d + 28*d - 31*d - 49. What is b(-12)?
-1
Let p(u) = -7 - 277*u - 273*u + 549*u. Determine p(14).
-21
Let m = -16969 + 16963. Let v(p) = -p - 39. Calculate v(m).
-33
Let n(b) = -b**3 + 7*b**2 - 5*b - 4. Let u(r) = r**2 - 7*r. Let k be u(6). Let f be (-19 - -15)*k/4. Give n(f).
2
Let o(u) be the first derivative of -3*u**4/4 + u**3 + u**2/2 - 2*u - 1793. Give o(1).
-1
Let k(n) be the first derivative of 5*n**3/3 - 984. Wh